{"id":214,"date":"2023-12-26T12:38:51","date_gmt":"2023-12-26T11:38:51","guid":{"rendered":"https:\/\/groupeanamorphose.local\/?page_id=214"},"modified":"2024-02-16T15:58:02","modified_gmt":"2024-02-16T14:58:02","slug":"alienor-exagere","status":"publish","type":"page","link":"https:\/\/2024.groupe-anamorphose.com\/?page_id=214","title":{"rendered":"Ali\u00e9nor exag\u00e8re !"},"content":{"rendered":"\n<p>A partir de 12 ans en tout public (repr\u00e9sentation scolaire possible \u00e0 partir du coll\u00e8ge : 3eme)<\/p>\n\n\n\n<figure class=\"wp-block-image size-large\"><img loading=\"lazy\" decoding=\"async\" width=\"1024\" height=\"320\" src=\"https:\/\/2024.groupe-anamorphose.com\/wp-content\/uploads\/2023\/12\/Alienor-Beauregard-2-1-1024x320.jpg\" alt=\"\" class=\"wp-image-248\" srcset=\"https:\/\/2024.groupe-anamorphose.com\/wp-content\/uploads\/2023\/12\/Alienor-Beauregard-2-1-1024x320.jpg 1024w, https:\/\/2024.groupe-anamorphose.com\/wp-content\/uploads\/2023\/12\/Alienor-Beauregard-2-1-300x94.jpg 300w, https:\/\/2024.groupe-anamorphose.com\/wp-content\/uploads\/2023\/12\/Alienor-Beauregard-2-1-768x240.jpg 768w, https:\/\/2024.groupe-anamorphose.com\/wp-content\/uploads\/2023\/12\/Alienor-Beauregard-2-1.jpg 1131w\" sizes=\"auto, (max-width: 1024px) 100vw, 1024px\" \/><figcaption class=\"wp-element-caption\">Les professeurs P\u00e9r\u00e9glioni, Dampierre et Bergougniou<\/figcaption><\/figure>\n\n\n\n<p><\/p>\n\n\n\n<p>Une fausse conf\u00e9rence<\/p>\n\n\n\n<div class=\"wp-block-group alignwide is-layout-constrained wp-block-group-is-layout-constrained\">\n<p style=\"line-height:1.5\">Tout commence comme une conf\u00e9rence historique classique.<br>Trois \u00e9minents sp\u00e9cialistes retracent la vie d&rsquo;Ali\u00e9nor d&rsquo;Aquitaine de sa naissance \u00e0 sa mort. Tr\u00e8s vite on comprend que ces trois professeurs tr\u00e8s partiaux se disputent sur l\u2018\u00e9mancipation d\u2019Ali\u00e9nor d\u2019Aquitaine, chacun d\u00e9fendant sa version\u2026 et la controverse devient bataille et d\u00e9raille !<br><\/p>\n\n\n\n<p style=\"line-height:1.5\">Un cours d&rsquo;histoire hors normes, passionnant, dr\u00f4le et d\u00e9jant\u00e9 !<\/p>\n\n\n\n<p style=\"line-height:1.4\"><\/p>\n\n\n\n<h3 class=\"wp-block-heading\">La grande histoire<\/h3>\n\n\n\n<p style=\"line-height:1.5\">N\u00e9e en 1120, Ali\u00e9nor, duchesse d&rsquo;Aquitaine, se maria \u00e0 la cath\u00e9drale de Bordeaux, r\u00e9gna pr\u00e8s de sept d\u00e9cennies, eut onze enfants dont trois rois, partit en croisade, fut enferm\u00e9e en captivit\u00e9 par son mari pendant quinze ans, divor\u00e7a, monta ses fils contre leur p\u00e8re, rassembla ses fils ennemis et mourut \u00e0 quatre-vingts ans.<br>Mais si l\u2019on retient son histoire tumultueuse, on sait peu de sa personnalit\u00e9, on ne conna\u00eet ni ses sentiments de femme ou de m\u00e8re, ni sa v\u00e9ritable ambition politique, ni la couleur de ses cheveux\u2026 La dimension fantasmagorique qui entoure Ali\u00e9nor a fait d\u2019elle un myst\u00e8re, sa vie de femme moderne et rebelle au milieu d\u2019un monde des plus misogynes\u2026 Ali\u00e9nor fut et demeure un mythe.<\/p>\n<\/div>\n\n\n\n<blockquote class=\"wp-block-quote has-normal-font-size is-layout-flow wp-block-quote-is-layout-flow\" style=\"line-height:1.5\">\n<p><\/p>\n<cite>\u00ab\u00a0Pastiche savoureux port\u00e9 par un texte bien nourri, le cours d&rsquo;histoire tourne tr\u00e8s vite \u00e0 la farce (&#8230;) Cocasse comme l&rsquo;\u00e9taient, sur un tel sujet, les \u00ab\u00a0Rubriques \u00e0 brac\u00a0\u00bb de Gotlieb, (&#8230;) ce voyage est hilarant mais \u00e9galement redoutable par sa fa\u00e7on de moquer &#8211; \u00e0 la mani\u00e8re d&rsquo;un Moli\u00e8re &#8211; l&rsquo;\u00e9ternelle vanit\u00e9 des hommes.\u00a0\u00bb <br>J.N. Cadoux &#8211; Sud-Ouest<\/cite><\/blockquote>\n\n\n\n<p><\/p>\n\n\n\n<p><\/p>\n\n\n<style type=\"text\/css\">.otter-masonry .blocks-gallery-grid .blocks-gallery-item img{ width:100% }<\/style><div class=\"otter-masonry\" data-margin=\"10\">\n<figure class=\"wp-block-gallery has-nested-images columns-default is-cropped wp-block-gallery-1 is-layout-flex wp-block-gallery-is-layout-flex\">\n<figure data-wp-context=\"{&quot;imageId&quot;:&quot;69da7c6d67094&quot;}\" data-wp-interactive=\"core\/image\" data-wp-key=\"69da7c6d67094\" class=\"wp-block-image aligncenter size-large has-custom-border wp-lightbox-container\"><img loading=\"lazy\" decoding=\"async\" width=\"1024\" height=\"1024\" data-wp-class--hide=\"state.isContentHidden\" data-wp-class--show=\"state.isContentVisible\" data-wp-init=\"callbacks.setButtonStyles\" data-wp-on--click=\"actions.showLightbox\" data-wp-on--load=\"callbacks.setButtonStyles\" data-wp-on-window--resize=\"callbacks.setButtonStyles\" data-id=\"250\" src=\"https:\/\/2024.groupe-anamorphose.com\/wp-content\/uploads\/2023\/12\/Capture-decran-2023-12-19-a-15.59.18-edited-1024x1024.png\" alt=\"\" class=\"wp-image-250\" style=\"border-radius:0px\" srcset=\"https:\/\/2024.groupe-anamorphose.com\/wp-content\/uploads\/2023\/12\/Capture-decran-2023-12-19-a-15.59.18-edited-1024x1024.png 1024w, https:\/\/2024.groupe-anamorphose.com\/wp-content\/uploads\/2023\/12\/Capture-decran-2023-12-19-a-15.59.18-edited-300x300.png 300w, https:\/\/2024.groupe-anamorphose.com\/wp-content\/uploads\/2023\/12\/Capture-decran-2023-12-19-a-15.59.18-edited-150x150.png 150w, https:\/\/2024.groupe-anamorphose.com\/wp-content\/uploads\/2023\/12\/Capture-decran-2023-12-19-a-15.59.18-edited-768x768.png 768w, https:\/\/2024.groupe-anamorphose.com\/wp-content\/uploads\/2023\/12\/Capture-decran-2023-12-19-a-15.59.18-edited.png 1250w\" sizes=\"auto, (max-width: 1024px) 100vw, 1024px\" \/><button\n\t\t\tclass=\"lightbox-trigger\"\n\t\t\ttype=\"button\"\n\t\t\taria-haspopup=\"dialog\"\n\t\t\taria-label=\"Agrandir\"\n\t\t\tdata-wp-init=\"callbacks.initTriggerButton\"\n\t\t\tdata-wp-on--click=\"actions.showLightbox\"\n\t\t\tdata-wp-style--right=\"state.imageButtonRight\"\n\t\t\tdata-wp-style--top=\"state.imageButtonTop\"\n\t\t>\n\t\t\t<svg xmlns=\"http:\/\/www.w3.org\/2000\/svg\" width=\"12\" height=\"12\" fill=\"none\" viewBox=\"0 0 12 12\">\n\t\t\t\t<path fill=\"#fff\" d=\"M2 0a2 2 0 0 0-2 2v2h1.5V2a.5.5 0 0 1 .5-.5h2V0H2Zm2 10.5H2a.5.5 0 0 1-.5-.5V8H0v2a2 2 0 0 0 2 2h2v-1.5ZM8 12v-1.5h2a.5.5 0 0 0 .5-.5V8H12v2a2 2 0 0 1-2 2H8Zm2-12a2 2 0 0 1 2 2v2h-1.5V2a.5.5 0 0 0-.5-.5H8V0h2Z\" \/>\n\t\t\t<\/svg>\n\t\t<\/button><\/figure>\n<\/figure>\n<\/div>\n\n\n<p><\/p>\n\n\n\n<p style=\"line-height:1.4\">Qu&rsquo;est ce que cette \u00ab\u00a0fausse conf\u00e9rence\u00a0\u00bb ?<\/p>\n\n\n\n<p style=\"line-height:1.4\">Laurent Rogero : <em>Cette pi\u00e8ce n&rsquo;est ni une vraie conf\u00e9rence, ni un vrai spectacle. On y apprend des choses sur un personnage qui fait partie du paysage culturel que moi-m\u00eame je connaissais tr\u00e8s mal. Mais au fur et \u00e0 mesure de la conf\u00e9rence, les pseudo-experts se l\u00e2chent et l&rsquo;humour se d\u00e9bride, le spectateur rit des d\u00e9fauts et travers des conf\u00e9renciers. On s&rsquo;aper\u00e7oit que l&rsquo;objectivit\u00e9 revendiqu\u00e9e par les historiens est un leurre. Chacun y va de son interpr\u00e9tation. C&rsquo;est donc aussi une com\u00e9die.<\/em><\/p>\n\n\n\n<p><\/p>\n\n\n\n<p><\/p>\n\n\n\n<p style=\"line-height:1.4\">Une conf\u00e9rence a propos d&rsquo;une vraie femme de pouvoir du Moyen \u00c2ge ?<\/p>\n\n\n\n<p style=\"line-height:1.4\"><em>Absolument. Sa position de pouvoir posait d\u00e9j\u00e0 probl\u00e8me. J&rsquo;ai mont\u00e9 le spectacle au moment de la candidature de S\u00e9gol\u00e8ne Royal et bien avant le mouvement metoo, et je pense que l&rsquo;acc\u00e8s des femmes \u00e0 des postes de d\u00e9cision &#8211; en politique comme ailleurs &#8211; pose encore probl\u00e8me. D&rsquo;ailleurs le rapport de domination se rejoue sur sc\u00e8ne entre les deux conf\u00e9renciers masculins et l&rsquo;historienne, qui ont bien du mal \u00e0 la trouver l\u00e9gitime.<\/em><\/p>\n\n\n\n<p><\/p>\n\n\n\n<p style=\"line-height:1.4\">Ali\u00e9nor est presque devenue mythique ?<\/p>\n\n\n\n<p style=\"line-height:1.4\"><em>Oui, elle est d\u00e9sormais un personnage qui d\u00e9passe largement l&rsquo;histoire du Moyen \u00c2ge, son histoire r\u00e9elle \u00e9tant remplie de zones d&rsquo;ombre. Il y a toute une dimension fantasmagorique autour d&rsquo;elle, un m\u00e9lange entre vrai et faux qui conduit \u00e0 la cr\u00e9ation du mythe. J&rsquo;\u00e9tais int\u00e9ress\u00e9 par ce passage de la r\u00e9alit\u00e9 au mythe. C&rsquo;est aussi ces passages qui sont mis en jeu par nos conf\u00e9renciers.<\/em><\/p>\n\n\n\n<p><\/p>\n\n\n\n<p><\/p>\n\n\n\n<p><\/p>\n\n\n\n<p><\/p>\n\n\n\n<p><\/p>\n\n\n\n<p><\/p>\n\n\n\n<p><\/p>\n\n\n\n<h3 class=\"wp-block-heading\">Production<\/h3>\n\n\n\n<p style=\"line-height:1.5\">Groupe Anamorphose, Rencontres th\u00e9\u00e2trales d&rsquo;Eysines avec l&rsquo;IDDAC, Le Paradis &#8211; Galerie Verbale de P\u00e9rigueux.<\/p>\n\n\n\n<p style=\"line-height:1.5\"><\/p>\n\n\n\n<p style=\"line-height:1.5\">E\u0301criture et mise en sce\u0300ne \/ Laurent Rogero<br>jeu \/ Sol\u00e8ne Arbel, Limengo Benano-Melly et Hadrien Rouchard<\/p>\n\n\n\n<p><\/p>\n\n\n\n<h3 class=\"wp-block-heading\">Conditions d&rsquo;accueil<\/h3>\n\n\n\n<p><\/p>\n\n\n\n<p style=\"line-height:1.5\">Spectacle tout terrain<br>Dur\u00e9e : 1h20<br>Cout de cession ; 1700 \u20ac ++ frais de d\u00e9placement au d\u00e9part de Bordeaux et accueil de 3 personnes<br>Tout public : d\u00e8s 12 ans<br>Scolaire : d\u00e8s la classe de 3\u00e8me (coll\u00e8ge &amp; lyc\u00e9e)<br>Jauge : Tout public : 200 | Scolaire : 150<br>Besoins techniques<br>Plateau : 6m x 6m x 3m10 (hauteur)<br>Sc\u00e8ne ou gradin<br>4m de tables en lin\u00e9aire<br>4 chaises<br>Temps d\u2019installation<br>montage + pr\u00e9paration : 1h<\/p>\n\n\n\n<p><\/p>\n\n\n\n<p><\/p>\n\n\n\n<p><\/p>\n\n\n\n<figure class=\"wp-block-gallery has-nested-images columns-default is-cropped wp-block-gallery-2 is-layout-flex wp-block-gallery-is-layout-flex\">\n<figure class=\"wp-block-image size-large\"><img loading=\"lazy\" decoding=\"async\" width=\"1024\" height=\"768\" data-id=\"401\" src=\"https:\/\/2024.groupe-anamorphose.com\/wp-content\/uploads\/2024\/01\/20220613_123821-1024x768.jpg\" alt=\"\" class=\"wp-image-401\" srcset=\"https:\/\/2024.groupe-anamorphose.com\/wp-content\/uploads\/2024\/01\/20220613_123821-1024x768.jpg 1024w, https:\/\/2024.groupe-anamorphose.com\/wp-content\/uploads\/2024\/01\/20220613_123821-300x225.jpg 300w, https:\/\/2024.groupe-anamorphose.com\/wp-content\/uploads\/2024\/01\/20220613_123821-768x576.jpg 768w, https:\/\/2024.groupe-anamorphose.com\/wp-content\/uploads\/2024\/01\/20220613_123821-1536x1152.jpg 1536w, https:\/\/2024.groupe-anamorphose.com\/wp-content\/uploads\/2024\/01\/20220613_123821-2048x1536.jpg 2048w\" sizes=\"auto, (max-width: 1024px) 100vw, 1024px\" \/><\/figure>\n\n\n\n<figure class=\"wp-block-image size-large\"><img loading=\"lazy\" decoding=\"async\" width=\"1024\" height=\"768\" data-id=\"397\" src=\"https:\/\/2024.groupe-anamorphose.com\/wp-content\/uploads\/2024\/01\/20220613_101059-1024x768.jpg\" alt=\"\" class=\"wp-image-397\" srcset=\"https:\/\/2024.groupe-anamorphose.com\/wp-content\/uploads\/2024\/01\/20220613_101059-1024x768.jpg 1024w, https:\/\/2024.groupe-anamorphose.com\/wp-content\/uploads\/2024\/01\/20220613_101059-300x225.jpg 300w, https:\/\/2024.groupe-anamorphose.com\/wp-content\/uploads\/2024\/01\/20220613_101059-768x576.jpg 768w, https:\/\/2024.groupe-anamorphose.com\/wp-content\/uploads\/2024\/01\/20220613_101059-1536x1152.jpg 1536w, https:\/\/2024.groupe-anamorphose.com\/wp-content\/uploads\/2024\/01\/20220613_101059-2048x1536.jpg 2048w\" sizes=\"auto, (max-width: 1024px) 100vw, 1024px\" \/><\/figure>\n\n\n\n<figure class=\"wp-block-image size-large\"><img loading=\"lazy\" decoding=\"async\" width=\"1024\" height=\"768\" data-id=\"395\" src=\"https:\/\/2024.groupe-anamorphose.com\/wp-content\/uploads\/2024\/01\/Alienor-Beauregard-1024x768.jpg\" alt=\"\" class=\"wp-image-395\" srcset=\"https:\/\/2024.groupe-anamorphose.com\/wp-content\/uploads\/2024\/01\/Alienor-Beauregard-1024x768.jpg 1024w, https:\/\/2024.groupe-anamorphose.com\/wp-content\/uploads\/2024\/01\/Alienor-Beauregard-300x225.jpg 300w, https:\/\/2024.groupe-anamorphose.com\/wp-content\/uploads\/2024\/01\/Alienor-Beauregard-768x576.jpg 768w, https:\/\/2024.groupe-anamorphose.com\/wp-content\/uploads\/2024\/01\/Alienor-Beauregard-1536x1152.jpg 1536w, https:\/\/2024.groupe-anamorphose.com\/wp-content\/uploads\/2024\/01\/Alienor-Beauregard.jpg 1632w\" sizes=\"auto, (max-width: 1024px) 100vw, 1024px\" \/><\/figure>\n\n\n\n<figure class=\"wp-block-image size-large\"><img loading=\"lazy\" decoding=\"async\" width=\"1024\" height=\"768\" data-id=\"396\" src=\"https:\/\/2024.groupe-anamorphose.com\/wp-content\/uploads\/2024\/01\/Alienor.-chateau.1\u00a9Anamorphose-1024x768.jpeg\" alt=\"\" class=\"wp-image-396\" srcset=\"https:\/\/2024.groupe-anamorphose.com\/wp-content\/uploads\/2024\/01\/Alienor.-chateau.1\u00a9Anamorphose-1024x768.jpeg 1024w, https:\/\/2024.groupe-anamorphose.com\/wp-content\/uploads\/2024\/01\/Alienor.-chateau.1\u00a9Anamorphose-300x225.jpeg 300w, https:\/\/2024.groupe-anamorphose.com\/wp-content\/uploads\/2024\/01\/Alienor.-chateau.1\u00a9Anamorphose-768x576.jpeg 768w, https:\/\/2024.groupe-anamorphose.com\/wp-content\/uploads\/2024\/01\/Alienor.-chateau.1\u00a9Anamorphose-1536x1152.jpeg 1536w, https:\/\/2024.groupe-anamorphose.com\/wp-content\/uploads\/2024\/01\/Alienor.-chateau.1\u00a9Anamorphose-2048x1536.jpeg 2048w\" sizes=\"auto, (max-width: 1024px) 100vw, 1024px\" \/><\/figure>\n\n\n\n<figure class=\"wp-block-image size-large\"><img loading=\"lazy\" decoding=\"async\" width=\"768\" height=\"1024\" data-id=\"394\" src=\"https:\/\/2024.groupe-anamorphose.com\/wp-content\/uploads\/2024\/01\/Alienor.-debout.2\u00a9Anamorphose-768x1024.jpeg\" alt=\"\" class=\"wp-image-394\" srcset=\"https:\/\/2024.groupe-anamorphose.com\/wp-content\/uploads\/2024\/01\/Alienor.-debout.2\u00a9Anamorphose-768x1024.jpeg 768w, https:\/\/2024.groupe-anamorphose.com\/wp-content\/uploads\/2024\/01\/Alienor.-debout.2\u00a9Anamorphose-225x300.jpeg 225w, https:\/\/2024.groupe-anamorphose.com\/wp-content\/uploads\/2024\/01\/Alienor.-debout.2\u00a9Anamorphose-1152x1536.jpeg 1152w, https:\/\/2024.groupe-anamorphose.com\/wp-content\/uploads\/2024\/01\/Alienor.-debout.2\u00a9Anamorphose-1536x2048.jpeg 1536w, https:\/\/2024.groupe-anamorphose.com\/wp-content\/uploads\/2024\/01\/Alienor.-debout.2\u00a9Anamorphose-scaled.jpeg 1920w\" sizes=\"auto, (max-width: 768px) 100vw, 768px\" \/><\/figure>\n\n\n\n<figure class=\"wp-block-image size-large\"><img loading=\"lazy\" decoding=\"async\" width=\"768\" height=\"1024\" data-id=\"402\" src=\"https:\/\/2024.groupe-anamorphose.com\/wp-content\/uploads\/2024\/01\/Alienor.-debout1\u00a9Anamorphose-768x1024.jpeg\" alt=\"\" class=\"wp-image-402\" srcset=\"https:\/\/2024.groupe-anamorphose.com\/wp-content\/uploads\/2024\/01\/Alienor.-debout1\u00a9Anamorphose-768x1024.jpeg 768w, https:\/\/2024.groupe-anamorphose.com\/wp-content\/uploads\/2024\/01\/Alienor.-debout1\u00a9Anamorphose-225x300.jpeg 225w, https:\/\/2024.groupe-anamorphose.com\/wp-content\/uploads\/2024\/01\/Alienor.-debout1\u00a9Anamorphose-1152x1536.jpeg 1152w, https:\/\/2024.groupe-anamorphose.com\/wp-content\/uploads\/2024\/01\/Alienor.-debout1\u00a9Anamorphose-1536x2048.jpeg 1536w, https:\/\/2024.groupe-anamorphose.com\/wp-content\/uploads\/2024\/01\/Alienor.-debout1\u00a9Anamorphose-scaled.jpeg 1920w\" sizes=\"auto, (max-width: 768px) 100vw, 768px\" \/><\/figure>\n\n\n\n<figure class=\"wp-block-image size-large\"><img loading=\"lazy\" decoding=\"async\" width=\"1024\" height=\"768\" data-id=\"400\" src=\"https:\/\/2024.groupe-anamorphose.com\/wp-content\/uploads\/2024\/01\/Alienor.fresquedeChinon\u00a9Anamorphose-1024x768.jpeg\" alt=\"\" class=\"wp-image-400\" srcset=\"https:\/\/2024.groupe-anamorphose.com\/wp-content\/uploads\/2024\/01\/Alienor.fresquedeChinon\u00a9Anamorphose-1024x768.jpeg 1024w, https:\/\/2024.groupe-anamorphose.com\/wp-content\/uploads\/2024\/01\/Alienor.fresquedeChinon\u00a9Anamorphose-300x225.jpeg 300w, https:\/\/2024.groupe-anamorphose.com\/wp-content\/uploads\/2024\/01\/Alienor.fresquedeChinon\u00a9Anamorphose-768x576.jpeg 768w, https:\/\/2024.groupe-anamorphose.com\/wp-content\/uploads\/2024\/01\/Alienor.fresquedeChinon\u00a9Anamorphose-1536x1152.jpeg 1536w, https:\/\/2024.groupe-anamorphose.com\/wp-content\/uploads\/2024\/01\/Alienor.fresquedeChinon\u00a9Anamorphose-2048x1536.jpeg 2048w\" sizes=\"auto, (max-width: 1024px) 100vw, 1024px\" \/><\/figure>\n\n\n\n<figure class=\"wp-block-image size-large\"><img loading=\"lazy\" decoding=\"async\" width=\"1024\" height=\"768\" data-id=\"403\" src=\"https:\/\/2024.groupe-anamorphose.com\/wp-content\/uploads\/2024\/01\/ProfesseurePeriglioni@Anamorphose-1024x768.jpg\" alt=\"\" class=\"wp-image-403\" srcset=\"https:\/\/2024.groupe-anamorphose.com\/wp-content\/uploads\/2024\/01\/ProfesseurePeriglioni@Anamorphose-1024x768.jpg 1024w, https:\/\/2024.groupe-anamorphose.com\/wp-content\/uploads\/2024\/01\/ProfesseurePeriglioni@Anamorphose-300x225.jpg 300w, https:\/\/2024.groupe-anamorphose.com\/wp-content\/uploads\/2024\/01\/ProfesseurePeriglioni@Anamorphose-768x576.jpg 768w, https:\/\/2024.groupe-anamorphose.com\/wp-content\/uploads\/2024\/01\/ProfesseurePeriglioni@Anamorphose-1536x1152.jpg 1536w, https:\/\/2024.groupe-anamorphose.com\/wp-content\/uploads\/2024\/01\/ProfesseurePeriglioni@Anamorphose-2048x1536.jpg 2048w\" sizes=\"auto, (max-width: 1024px) 100vw, 1024px\" \/><\/figure>\n\n\n\n<figure class=\"wp-block-image size-large\"><img loading=\"lazy\" decoding=\"async\" width=\"768\" height=\"1024\" data-id=\"399\" src=\"https:\/\/2024.groupe-anamorphose.com\/wp-content\/uploads\/2024\/01\/Courdecole@Anamorphose-768x1024.jpg\" alt=\"\" class=\"wp-image-399\" srcset=\"https:\/\/2024.groupe-anamorphose.com\/wp-content\/uploads\/2024\/01\/Courdecole@Anamorphose-768x1024.jpg 768w, https:\/\/2024.groupe-anamorphose.com\/wp-content\/uploads\/2024\/01\/Courdecole@Anamorphose-225x300.jpg 225w, https:\/\/2024.groupe-anamorphose.com\/wp-content\/uploads\/2024\/01\/Courdecole@Anamorphose-1152x1536.jpg 1152w, https:\/\/2024.groupe-anamorphose.com\/wp-content\/uploads\/2024\/01\/Courdecole@Anamorphose-1536x2048.jpg 1536w, https:\/\/2024.groupe-anamorphose.com\/wp-content\/uploads\/2024\/01\/Courdecole@Anamorphose-scaled.jpg 1920w\" sizes=\"auto, (max-width: 768px) 100vw, 768px\" \/><\/figure>\n\n\n\n<figure class=\"wp-block-image size-large\"><img loading=\"lazy\" decoding=\"async\" width=\"1024\" height=\"320\" data-id=\"393\" src=\"https:\/\/2024.groupe-anamorphose.com\/wp-content\/uploads\/2024\/01\/Alienor-Beauregard-2-1024x320.jpg\" alt=\"\" class=\"wp-image-393\" srcset=\"https:\/\/2024.groupe-anamorphose.com\/wp-content\/uploads\/2024\/01\/Alienor-Beauregard-2-1024x320.jpg 1024w, https:\/\/2024.groupe-anamorphose.com\/wp-content\/uploads\/2024\/01\/Alienor-Beauregard-2-300x94.jpg 300w, https:\/\/2024.groupe-anamorphose.com\/wp-content\/uploads\/2024\/01\/Alienor-Beauregard-2-768x240.jpg 768w, https:\/\/2024.groupe-anamorphose.com\/wp-content\/uploads\/2024\/01\/Alienor-Beauregard-2.jpg 1131w\" sizes=\"auto, (max-width: 1024px) 100vw, 1024px\" \/><\/figure>\n<\/figure>\n","protected":false},"excerpt":{"rendered":"<p>A partir de 12 ans en tout public (repr\u00e9sentation scolaire possible \u00e0 partir du coll\u00e8ge : 3eme) Une fausse conf\u00e9rence Tout commence comme une conf\u00e9rence historique classique.Trois \u00e9minents sp\u00e9cialistes retracent la vie d&rsquo;Ali\u00e9nor d&rsquo;Aquitaine de sa naissance \u00e0 sa mort. Tr\u00e8s vite on comprend que ces trois professeurs tr\u00e8s partiaux se disputent sur l\u2018\u00e9mancipation d\u2019Ali\u00e9nor [&hellip;]<\/p>\n","protected":false},"author":2,"featured_media":0,"parent":0,"menu_order":0,"comment_status":"closed","ping_status":"closed","template":"","meta":{"_themeisle_gutenberg_block_has_review":false,"footnotes":""},"class_list":["post-214","page","type-page","status-publish","hentry"],"_links":{"self":[{"href":"https:\/\/2024.groupe-anamorphose.com\/index.php?rest_route=\/wp\/v2\/pages\/214","targetHints":{"allow":["GET"]}}],"collection":[{"href":"https:\/\/2024.groupe-anamorphose.com\/index.php?rest_route=\/wp\/v2\/pages"}],"about":[{"href":"https:\/\/2024.groupe-anamorphose.com\/index.php?rest_route=\/wp\/v2\/types\/page"}],"author":[{"embeddable":true,"href":"https:\/\/2024.groupe-anamorphose.com\/index.php?rest_route=\/wp\/v2\/users\/2"}],"replies":[{"embeddable":true,"href":"https:\/\/2024.groupe-anamorphose.com\/index.php?rest_route=%2Fwp%2Fv2%2Fcomments&post=214"}],"version-history":[{"count":10,"href":"https:\/\/2024.groupe-anamorphose.com\/index.php?rest_route=\/wp\/v2\/pages\/214\/revisions"}],"predecessor-version":[{"id":513,"href":"https:\/\/2024.groupe-anamorphose.com\/index.php?rest_route=\/wp\/v2\/pages\/214\/revisions\/513"}],"wp:attachment":[{"href":"https:\/\/2024.groupe-anamorphose.com\/index.php?rest_route=%2Fwp%2Fv2%2Fmedia&parent=214"}],"curies":[{"name":"wp","href":"https:\/\/api.w.org\/{rel}","templated":true}]}}